d and x.
13
Let r = 46 + -25. What is the greatest common divisor of 147 and r?
21
Suppose -11 = -3*y - 5*i, i = y + 5*i - 13. Let b = 15 + y. Suppose 0 = -3*s + 6 + 138. Calculate the highest common factor of b and s.
12
Suppose -2*x + l = -58, l + 142 = 6*x - x. Calculate the greatest common divisor of 42 and x.
14
Let k = 29 - 18. Calculate the greatest common factor of 77 and k.
11
Let x = 148 + -18. Suppose -5*m = -10*m + x. Calculate the highest common divisor of 13 and m.
13
Let c be 15/6*(-6)/(-5). What is the highest common factor of c and 2?
1
Let u(d) = -48*d + 1. Let w be u(3). Let s = w - -211. What is the greatest common factor of s and 17?
17
Suppose 4*h + 2*o - 102 = 0, 0 = 2*o - 5 - 1. Suppose -5*j - 2 = s, -j - 14 = -s + 2. Suppose s*l - 10*l = 36. What is the highest common divisor of h and l?
12
Let h(v) = -7*v**2 + 6*v - 11. Let o be h(4). Let k(u) = -7*u**2 - 3*u - 5. Let w be k(5). Let i = o - w. Calculate the highest common divisor of 12 and i.
12
Let d be 55/(-2)*(-22)/55. Calculate the highest common factor of 77 and d.
11
Let o = 9 - 5. Suppose o*s + 65 = 5*u, 3*s + 14 = u + 2*s. Let v be 19 - (2/2 - 0). What is the greatest common factor of u and v?
9
Suppose -31 = 3*a + 167. Let r be ((-4)/(-12))/((-2)/a). Calculate the highest common divisor of r and 44.
11
Let f be (3 - 3) + -1 + -1. Let z be (5/f)/(1/(-10)). Suppose 4*n = 2*n + 20. Calculate the greatest common divisor of z and n.
5
Suppose -2*h + 46 = -18. What is the highest common divisor of h and 8?
8
Suppose 21 = -3*g - 0. Let k be (-1 + 3)/(-1) - g. Suppose k*z - 465 = -5*b, -b + 2*b - 75 = 5*z. Calculate the highest common divisor of b and 10.
10
Suppose -8*w = -3*w - 10. Suppose -3*x + 15 = w*b - 5, -2*x + 8 = 0. What is the greatest common factor of 4 and b?
4
Suppose -2*q + q + 4*t - 20 = 0, -4*t + 20 = -3*q. Let c(f) = 103 + 17 + f - 30 - f**2. Let k be c(q). Calculate the greatest common factor of 9 and k.
9
Let d be (-6)/9 - 76/(-6). Suppose -3*k = p + 4, -4*k + d = 3*p + 4. Suppose 2*o - 1 = -r + 8, 3*o = 5*r + 7. Calculate the highest common divisor of o and p.
4
Let a = 47 + -33. What is the greatest common factor of a and 14?
14
Suppose 5*a = 15*a - 30. Let m(w) = -2*w + 2*w + w**2 + 3. Let t be m(a). Calculate the highest common divisor of t and 132.
12
Let t be (-4)/18 - 7/9. Let p = t - -5. Suppose -19 = -u - r - 3, p*u + 5*r - 67 = 0. What is the highest common divisor of u and 13?
13
Suppose -5*z - 65 = -5*b, -49 = -5*b - 3*z - 8. Suppose 3*o = -y - 5, o + 25 = 5*y - 30. Let q be 42/b - 2/y. Calculate the highest common divisor of q and 36.
4
Let x be 18 + ((-1)/(-1))/(-1). Suppose 5*l = -4*o + 52 + 230, 3*l + 130 = 2*o. Calculate the greatest common factor of o and x.
17
Let p(d) = -2*d**3 - 2*d**2 + 2*d - 2. Let s be p(-3). What is the highest common factor of s and 42?
14
Let s(a) = -a - 2. Let f be s(-6). Let l be (1 - 0)/(5 + -4). Calculate the highest common factor of f and l.
1
Suppose -k = 1 - 6. Suppose -7 = -4*d + 9, -k*z = -2*d - 292. Suppose 3*b - 14 = 22. What is the greatest common divisor of b and z?
12
Let b = 1 - -1. What is the highest common divisor of 2 and b?
2
Let p = -136 + 451. Let k be 1/3 - p/(-27). What is the greatest common divisor of k and 8?
4
Let y = -22 - -29. Let b = -27 - -83. Calculate the greatest common factor of b and y.
7
Suppose 25*a + 108 = 29*a. Calculate the highest common factor of a and 18.
9
Let f be 9 - (1 - 0/(-4)). What is the greatest common factor of 4 and f?
4
Suppose 3*b = -y - 0*y + 100, -4*b + 100 = y. Calculate the greatest common divisor of y and 40.
20
Let t be -1*(-4 + 2) + 176. Let y be -1*3 + t/(-2). Let w = y - -279. Calculate the greatest common divisor of w and 17.
17
Let n(a) = 2*a + 27. Let r be -2 - 0/3 - -2. Let w be n(r). Calculate the highest common divisor of 27 and w.
27
Suppose z + 4*z - 28 = -b, -b + 3*z + 12 = 0. Let r = -1 + 5. Suppose -r*v + 27 = q, 0 - 3 = 2*v - 5*q. Calculate the highest common divisor of v and b.
6
Let b = 1 - -7. What is the highest common divisor of 12 and b?
4
Suppose 4*t - 4*k = 44, t + 100 = 6*t + 4*k. Suppose -10 = -2*f + 6. Calculate the greatest common factor of f and t.
8
Suppose 95*m = 98*m - 60. Calculate the highest common divisor of m and 20.
20
Suppose -5*v - j - 44 = -13, 5 = -5*j. Let n = 14 + v. Calculate the highest common factor of 2 and n.
2
Let h = 7 - 6. Let y be 1 + (h + 2)*4. What is the greatest common factor of y and 52?
13
Let w(p) = -p**3 - 8*p**2 + p + 11. Let y be w(-8). Suppose 13 = o + 3*q - 2*q, y*q = -2*o + 26. What is the highest common factor of 104 and o?
13
Suppose 4*m - 6*s + 831 = -3*s, 5*m + 1059 = -3*s. Let b be (m/(-20))/(3/28). What is the greatest common divisor of 14 and b?
14
Suppose 26 = -4*q + 86. Suppose -2*f + 57 = -o + 8, 0 = 4*o - 20. Suppose -f - 18 = -3*w. Calculate the greatest common factor of q and w.
15
Let q be 18/2 + 4 + -2. Calculate the greatest common factor of q and 77.
11
Let f = 15 + -22. Let q = -4 - f. Calculate the highest common factor of q and 9.
3
Let k(l) = -4*l + 6. Let b be k(4). Let q = b - -14. What is the greatest common divisor of q and 44?
4
Let w(d) = 10*d - 21. Let t be w(7). Calculate the highest common divisor of t and 7.
7
Suppose 3*l = -9, -m - 4*m + 59 = -3*l. Calculate the greatest common divisor of 4 and m.
2
Let f = -13 - -14. What is the greatest common factor of f and 3?
1
Suppose 3*z + z = 56. Suppose 0 = b - 0*b - z. Suppose 154 = 4*n - 3*n. What is the greatest common factor of b and n?
14
Suppose -17*w + 21*w - 540 = 0. Calculate the greatest common divisor of w and 27.
27
Let u = -146 - -166. What is the highest common divisor of 16 and u?
4
Let q be ((0 - 2) + 1)*11. Let s = 17 + q. Suppose 0 = p - s*p + 35. What is the highest common divisor of 21 and p?
7
Suppose 0 = m - x - 17, 3*m - 2*x = -7*x + 35. Let r = 17 - 12. Suppose 4*j = -2*u + 330, -r*u + 825 = -0*j + 5*j. What is the highest common factor of u and m?
15
Let m = -73 - -154. What is the greatest common factor of m and 9?
9
Let g be 4/14 - (-48)/28. Suppose 2 = h + 2*b, 2*h - g*b = -3*h - 2. Let m be (-19)/(1 + -2) + h. Calculate the greatest common factor of m and 209.
19
Let f(u) = u**2 + 12*u + 33. Let w be f(-12). What is the highest common factor of w and 231?
33
Let f(i) = 2*i + 7. Let o be f(-8). Let n = 54 + o. Calculate the highest common factor of n and 30.
15
Let t be 47/(-9) - (-4)/18. Let g(n) = -n**3 - 3*n**2 + 7*n + 10. Let a be g(t). What is the greatest common divisor of a and 5?
5
Let f = -20 - -38. Calculate the highest common divisor of 36 and f.
18
Let h be 418/99 + 2/(-9). Suppose 2*v + 103 = 3*t, -2*t + 7*v = h*v - 72. Let i = 7 - 4. Calculate the greatest common divisor of t and i.
3
Let q(f) = f**3 + 6*f**2 + 3*f - 6. Let x be q(-5). Suppose -x*v + 0*v = -24. Suppose 0 = -w + v - 5. What is the greatest common factor of 5 and w?
1
Let t = 8 + -4. Suppose -8 = -t*b, -3*b - b = 2*s. Let f be 2/s*2*-52. Calculate the highest common factor of 13 and f.
13
Suppose -4*u + 2*j = -9*u - 12, 2*u = j - 3. Let r = u + 3. Calculate the greatest common divisor of 1 and r.
1
Suppose -4*a = -4 + 20. Let c be 2/(-7) - (-33)/(-7). Let d = a - c. What is the greatest common factor of 9 and d?
1
Let t(o) = o**3 - o**2 - o + 6. Let i be t(0). Calculate the greatest common divisor of i and 3.
3
Suppose -6*q = -4*q - 3*a - 12, 0 = -4*q - 4*a + 44. Let i(p) = -p**3 + 7*p**2 - 6*p + 7. Let t be i(5). What is the highest common divisor of t and q?
9
Let v = -47 + 110. Suppose 4*w + 3*b = 0, -4*b + 0*b = 3*w. Suppose -5*r - 13 - 12 = w, -r - 26 = -3*i. Calculate the highest common factor of i and v.
7
Suppose 29 = 4*j - n - 2*n, -37 = -4*j - 5*n. What is the greatest common divisor of j and 72?
8
Let q = 77 + -37. Let z = 11 + -23. Let g = z + 17. What is the highest common divisor of g and q?
5
Let g = 1 + 1. Suppose 3*p + 4*t = 20, 2*p = -g*t - 0*t + 16. Let x be ((-5)/(-10))/((-1)/(-60)). Calculate the greatest common divisor of x and p.
6
Suppose -24 = -k - 4*r, 5*r + 170 = -0*k + 5*k. What is the highest common divisor of k and 8?
8
Suppose 5*v + 2 = 122. Suppose 2*b - 19 = -r + 4*r, 2*b - 2*r - 18 = 0. Calculate the highest common divisor of b and v.
8
Let j be (84/(-5))/2*-5